 x**2 + 4*x - 5. What is the remainder when m(-4) is divided by o(-7)?
14
Suppose 5*z + 4*r = 126, -3*z + 0*r - 2*r + 74 = 0. Let s = 6 + 6. Calculate the remainder when z is divided by s.
10
Let f be -11 - 3/(0 - 1). Let w(l) = -2*l**2 - 20*l - 2. What is the remainder when 58 is divided by w(f)?
28
Let z be 3/(-12) + 145/4. Suppose -22 = -q - 2*x + z, 4*q - 236 = -4*x. Calculate the remainder when q is divided by 21.
18
Let k(j) = 5*j**2 - 5*j + 10. What is the remainder when 78 is divided by k(3)?
38
Let k = 166 + -100. Calculate the remainder when k is divided by 23.
20
Suppose 0 = 4*m + 1 - 9. What is the remainder when m + 2 + (-18)/(-2) is divided by 7?
6
Let m be 2*((-3)/2 + 1). Let f = 488 - 477. What is the remainder when ((-2)/(-2))/(m/(-43)) is divided by f?
10
Suppose -b + 6 = -3. Let o = b - 9. What is the remainder when 17*2 + (o - 1) is divided by 12?
9
Let k = -6 - -4. Calculate the remainder when 15 is divided by (9/(-2))/(1/k).
6
Let h(z) = 13*z - 16. Calculate the remainder when h(6) is divided by 21.
20
Calculate the remainder when -2*(-1 - (-32)/(-4)) is divided by 4.
2
Let y(q) = 10*q + 3. Let b(k) = -10*k - 3. Let j(h) = -3*b(h) - 4*y(h). Let d be j(-6). Suppose p - d = -2*p. Calculate the remainder when 56 is divided by p.
18
What is the remainder when 3*((-116)/(-12) + 1) is divided by 11?
10
Calculate the remainder when 40 is divided by 2/5*(58 - 3).
18
Suppose -4*q + 0*q = -2*p + 42, 4*q - 49 = -5*p. Let h = 17 + -12. What is the remainder when p is divided by h?
3
Suppose 0 = -5*y + 5. Calculate the remainder when 75 is divided by y + 0 + (-24)/(-2).
10
Let s = 42 - 24. Let n be (2/(-4))/(2/(-4)). What is the remainder when n/(-3) - (-924)/18 is divided by s?
15
Let p be (-22)/(-6) - (-1)/3. Suppose -5*u = -p - 31. Let c = 4 - -8. Calculate the remainder when c is divided by u.
5
Let r(p) = 27*p - 4. Let w be r(4). Suppose -2*h - 2*h + w = 4*t, -2*h - 44 = -2*t. Calculate the remainder when 94 is divided by t.
22
Calculate the remainder when 100 is divided by 6/(-8) + (-504)/(-32).
10
Let b(u) = -u + 7. Let a be b(0). Suppose n + 21 = 4*n. Calculate the remainder when n is divided by 3/2*14/a.
1
Suppose -j - w + 0*w = -6, 3*w - 26 = -4*j. Calculate the remainder when j is divided by 5.
3
Suppose 7*q = -73 + 283. Calculate the remainder when 59 is divided by q.
29
Suppose 51 = -5*v - 9. Let l = 22 + v. What is the remainder when l is divided by 6?
4
Suppose 4*m + 70 = 2*t, t = m + 38 - 7. Calculate the remainder when t is divided by 10.
7
Let l = 54 - 36. Suppose -i = u - 4, -2*u + 7 - 2 = 5*i. Calculate the remainder when l is divided by u.
3
Suppose 0 = -j + 2*j - 13. Calculate the remainder when 103 is divided by j.
12
Suppose -2*m - 201 + 509 = 0. Suppose 2*t = 4*t - m. What is the remainder when t is divided by 20?
17
Let t be ((-6)/(-5))/((-9)/(-240)). Suppose c - j = -5*j + 16, 2*c + 3*j - t = 0. What is the remainder when c is divided by 3?
1
Suppose -7*g + 201 = -4*g. Calculate the remainder when g is divided by 23.
21
Let f = 8 - 3. Suppose f*x - 8 = x. Suppose -r = -3*k - k + 51, 0 = -4*k - x*r + 42. What is the remainder when k is divided by 7?
5
Suppose -8*s - 43 = -h - 9*s, -3*h = -3*s - 105. What is the remainder when h is divided by 14?
11
Let d be 7*-2 + (7 - 6). Let t = d + 71. What is the remainder when t is divided by 20?
18
Let b(y) = -3*y. Let q be b(3). Let t = 2 - q. Calculate the remainder when t is divided by 3.
2
Let y = 2 - -2. Suppose -y*z = t - 58, 5 = z - 4*t - 1. Calculate the remainder when 29 + -1 + 4/(-2) is divided by z.
12
Suppose -183 - 153 = -12*f. What is the remainder when f is divided by 6?
4
Let r(t) = -1 + 10*t - 1 + 0 + 0. Calculate the remainder when 35 is divided by r(2).
17
Let x = -1 + 3. Calculate the remainder when 3 + 3 - 3 - 0 is divided by x.
1
Let a be 2/(-3)*-6 + 0. Suppose -2*j + g - a*g = 2, 4*g + 6 = -j. Suppose -j*k + 24 = -0*k. Calculate the remainder when k is divided by 7.
5
Calculate the remainder when 95 is divided by (400/15 - 6/9) + -1.
20
Calculate the remainder when 122 is divided by 4/(-10) + 642/30.
17
Let i(m) = m**3 - 6*m**2 - 8*m + 3. Let o be i(7). Let r be (1 - 21)*3/(-6). Let n = o + r. Calculate the remainder when n is divided by 4.
2
Let s = -60 - -34. Let v = s + 43. What is the remainder when v is divided by 9?
8
Suppose 3*v = 2*v + 1. What is the remainder when (-12)/(-8) + 9/18 is divided by v?
0
Suppose 4*g - 81 - 3 = -2*y, -3*g + 74 = -4*y. What is the remainder when 85 is divided by g?
19
Let q be (3 - 8)*(-8)/(-10). Let h(c) = 2*c - 10. What is the remainder when (q - -3)*(-16 + -1) is divided by h(8)?
5
Suppose -4*l - l + 3*i + 205 = 0, 3*i + 15 = 0. Suppose 9 = -4*x - 71. Let k = x - -33. What is the remainder when l is divided by k?
12
Calculate the remainder when 41*3/(-6)*-2 is divided by 254/12 + 1 + 4/(-24).
19
Suppose -3*q = 199 + 17. Suppose 4*d - 120 = w, -27 = -d - 2*w + 3*w. Calculate the remainder when d is divided by (q/30)/((-6)/40).
15
Let v(d) = -3*d + 1. Suppose -4*g + 5*k = 28, 0 = -g - 3*k + 5*k - 10. Let y = g + 5. What is the remainder when v(-2) is divided by y?
1
Suppose -4*g + 21 = -w, -2*g - 2*w + 4*w + 18 = 0. Suppose -g*n + 266 = 3*l, -n - 17 + 76 = -3*l. What is the remainder when n is divided by 22?
21
What is the remainder when 65 is divided by (-64)/(-2*2) - -1?
14
Let d(b) = -5*b - 27. Calculate the remainder when d(-13) is divided by 10.
8
Suppose 0 = -9*y + 4*y + 5, -y = 5*v - 271. Suppose 10*q = 168 + 22. Calculate the remainder when v is divided by q.
16
Let y(x) = x**3 + 9*x**2 + x + 10. Let v be y(-9). Suppose v + 59 = 5*c. What is the remainder when c is divided by 7?
5
Let y be ((-2)/(-3))/((-12)/846). Let o = y - -66. What is the remainder when 55 is divided by o?
17
Let q(p) = -p**3 + 3*p**2 + p. Let c be q(3). Suppose c*w = -13 + 4, 4*n + 5*w - 33 = 0. Calculate the remainder when 47 is divided by n.
11
Let q be (1 + (-3)/2)*-2. What is the remainder when 10/35 - (-570)/14 is divided by ((-21)/3)/(q/(-2))?
13
Let z(l) = l**3 + 3*l**2 - 2. Let r be z(-2). Suppose -82 = -r*q - 3*q + y, 0 = 3*q - y - 50. Calculate the remainder when q is divided by 9.
7
Let g(b) = -11*b - 3. Suppose 5*n = 5*d + 25, -11 = -0*d + d - 3*n. What is the remainder when 74 is divided by g(d)?
17
Let i = -86 - -131. Calculate the remainder when 176 is divided by i.
41
Let q be ((-3)/9)/(2/(-30)). Suppose 5*x - 3*o = -0*o + 51, 2*x - 39 = -q*o. What is the remainder when 21 is divided by x?
9
Let d(t) = -31*t. Suppose -7 = -3*y - 5*h, 0 = 3*h - 6. Calculate the remainder when d(y) is divided by 11.
9
Suppose -6 = 4*c - 94. Calculate the remainder when c is divided by 13.
9
Suppose 4*c + 2*a - 122 = 0, c - 4*c + 109 = 5*a. Suppose 2*l + 2 = c. Calculate the remainder when 50 is divided by l.
11
Let h = -13 + 22. Let a = 88 - 54. Calculate the remainder when a is divided by h.
7
Suppose 3 = -3*t + 9. Let z(q) = -3*q - 1. Calculate the remainder when z(-1) is divided by t.
0
Suppose 3*u + 3 = -2*k + 4*k, -4 = -k - u. Suppose b = -b - 1368. Calculate the remainder when (-4)/10 + b/(-60) is divided by k.
2
Let n = -11 + 14. Suppose -2*k = -n*k + 16. Let t = -36 + 67. Calculate the remainder when t is divided by k.
15
What is the remainder when (-3*59/(-3) - -4)*1 is divided by 17?
12
Let f = -56 - -94. What is the remainder when f is divided by 21?
17
Let t(n) = n + 25. Suppose 0 = g - 6*g + 130. What is the remainder when g is divided by t(-18)?
5
Let i(n) = -n**3 - 15*n**2 - 3*n - 12. Calculate the remainder when 65 is divided by i(-15).
32
Suppose 0 = 2*y - y - 27. Let j = y + -17. What is the remainder when 47 is divided by j?
7
Let h(y) = -3*y - 11. What is the remainder when 151 is divided by h(-6)?
4
Suppose 0 = 5*a - 14*a + 477. What is the remainder when a is divided by 8?
5
Suppose 4 = -5*i + 9. Suppose 3*s - 2*t - 34 = 0, 2*s + 5*t + 10 = i. Calculate the remainder when 29 is divided by s.
5
Let t(w) = w**2 - 3*w - 4. Suppose 4*v - 34 = -d + 5*v, v = -5*d + 200. Calculate the remainder when d is divided by t(6).
11
Suppose -2*k = -6*k - 40. Let d = -26 - k. Let r = d - -26. What is the remainder when 18 is divided by r?
8
Let y(w) = w + 5. Let a be y(-3). Suppose 2*l - 68 = -4*x, 2*l = -a*l + 16. Calculat